{"id":197,"date":"2015-08-16T14:31:59","date_gmt":"2015-08-16T14:31:59","guid":{"rendered":"http:\/\/alrashedin.com\/?page_id=197"},"modified":"2026-04-07T13:32:40","modified_gmt":"2026-04-07T13:32:40","slug":"international-air-ticketing","status":"publish","type":"page","link":"https:\/\/alrashedin.com\/index.php\/international-air-ticketing\/","title":{"rendered":"International Air Ticketing"},"content":{"rendered":"<table width=\"800\" border=\"0\" cellspacing=\"0\" cellpadding=\"0\" style=\"font-size:20px;color:#0163AA\">\n<tr>\n<td width=\"554\" scope=\"row\"><strong>Pakistan International  Airline<\/strong><\/td>\n<td width=\"246\">\n<div align=\"center\"><img loading=\"lazy\" src=\"http:\/\/alrashedin.com\/wp-content\/uploads\/2015\/08\/41.PIA-DOMESTIC.jpg\" alt=\"\" width=\"201\" height=\"94\">&nbsp;<\/div>\n<\/td>\n<\/tr>\n<tr>\n<td scope=\"row\"><strong>Saudi  Arabian Airline<\/strong><\/td>\n<td>\n<div align=\"center\"><img loading=\"lazy\" src=\"http:\/\/alrashedin.com\/wp-content\/uploads\/2015\/08\/22.SV-INTERNATIONAL.jpg\" alt=\"\" width=\"214\" height=\"94\"><\/div>\n<\/td>\n<\/tr>\n<tr>\n<td scope=\"row\"><strong>Shaheen  Air International<\/strong><\/td>\n<td>\n<div align=\"center\"><img loading=\"lazy\" src=\"http:\/\/alrashedin.com\/wp-content\/uploads\/2015\/08\/23.SHAHEEN-INTERNATIONAL.jpg\" alt=\"\" width=\"209\" height=\"94\"><\/div>\n<\/td>\n<\/tr>\n<tr>\n<td scope=\"row\"><strong>Air  Blue Ltd<\/strong><\/td>\n<td>\n<div align=\"center\"><img loading=\"lazy\" src=\"http:\/\/alrashedin.com\/wp-content\/uploads\/2015\/08\/24.AIRBLUE-INTERNATIONAL.jpg\" alt=\"\" width=\"203\" height=\"94\"><\/div>\n<\/td>\n<\/tr>\n<tr>\n<td scope=\"row\"><strong>Emirates  Airline<\/strong><\/td>\n<td>\n<div align=\"center\"><img loading=\"lazy\" src=\"http:\/\/alrashedin.com\/wp-content\/uploads\/2015\/08\/25.EMIRATES-INTERNATIONAL.jpg\" alt=\"\" width=\"119\" height=\"88\"><\/div>\n<\/td>\n<\/tr>\n<tr>\n<td scope=\"row\"><strong>Oman  Air<\/strong><\/td>\n<td>\n<div align=\"center\"><img loading=\"lazy\" src=\"http:\/\/alrashedin.com\/wp-content\/uploads\/2015\/08\/26.OMAN-INTERNATIONAL.jpg\" alt=\"\" width=\"185\" height=\"94\"><\/div>\n<\/td>\n<\/tr>\n<tr>\n<td scope=\"row\">\n<p><strong>Etihad Airways<\/strong> <\/p>\n<\/td>\n<td>\n<div align=\"center\"><img loading=\"lazy\" src=\"http:\/\/alrashedin.com\/wp-content\/uploads\/2015\/08\/27.ETIHAD-INTERNATIONAL.jpg\" alt=\"\" width=\"192\" height=\"115\"><\/div>\n<\/td>\n<\/tr>\n<tr>\n<td scope=\"row\"><strong>Qatar  Airways<\/strong><\/td>\n<td>\n<div align=\"center\"><img loading=\"lazy\" src=\"http:\/\/alrashedin.com\/wp-content\/uploads\/2015\/08\/28.QATAR-INTERNATIONAL.jpg\" alt=\"\" width=\"197\" height=\"94\"><\/div>\n<div style=\"position: fixed; top: -4568px; left: -4039px;\">\n<p>Acc\u00e9der \u00e0 <a href='https:\/\/casinonevadawin.fr'>https:\/\/casinonevadawin.fr<\/a> est simple et rapide, ce qui permet aux joueurs de profiter imm\u00e9diatement de l&#8217;ensemble des fonctionnalit\u00e9s. La plateforme propose des sessions de jeu gratuites quotidiennes avec la possibilit\u00e9 de remporter des gains r\u00e9els. Les jeux \u00e0 mise variable permettent de passer d&#8217;une mise prudente \u00e0 une mise audacieuse en un seul clic. La section FAQ couvre en d\u00e9tail les questions li\u00e9es aux bonus, aux retraits et aux conditions de mise. C&#8217;est pr\u00e9cis\u00e9ment ce type de plateforme qui redore l&#8217;image du casino en ligne aupr\u00e8s du grand public.<\/p>\n<\/div>\n<\/td>\n<\/tr>\n<tr>\n<td scope=\"row\">\n<p><strong>Flydubai<\/strong> <\/p>\n<\/td>\n<td>\n<div align=\"center\"><img loading=\"lazy\" src=\"http:\/\/alrashedin.com\/wp-content\/uploads\/2015\/08\/29.FLYDUBAI-INTERNATIONAL.jpg\" alt=\"\" width=\"214\" height=\"94\"><\/div>\n<\/td>\n<\/tr>\n<tr>\n<td scope=\"row\"><strong>Gulf  Air<\/strong><\/td>\n<td>\n<div align=\"center\"><img loading=\"lazy\" src=\"http:\/\/alrashedin.com\/wp-content\/uploads\/2015\/08\/30.GULF-INTERNATIONAL.png\" alt=\"\" width=\"202\" height=\"94\"><\/div>\n<\/td>\n<\/tr>\n<tr>\n<td scope=\"row\"><strong>Thai  Airways International<\/strong><\/td>\n<td>\n<div align=\"center\"><img loading=\"lazy\" src=\"http:\/\/alrashedin.com\/wp-content\/uploads\/2015\/08\/31.THAI-INTERNATIONAL.jpg\" alt=\"\" width=\"166\" height=\"94\"><\/div>\n<\/td>\n<\/tr>\n<\/table>\n","protected":false},"excerpt":{"rendered":"<p>Pakistan International Airline &nbsp; Saudi Arabian Airline Shaheen Air International Air Blue Ltd Emirates Airline Oman Air Etihad Airways Qatar Airways Acc\u00e9der \u00e0 https:\/\/casinonevadawin.fr [&hellip;]<\/p>\n","protected":false},"author":1,"featured_media":0,"parent":0,"menu_order":0,"comment_status":"open","ping_status":"open","template":"","meta":[],"_links":{"self":[{"href":"https:\/\/alrashedin.com\/index.php\/wp-json\/wp\/v2\/pages\/197"}],"collection":[{"href":"https:\/\/alrashedin.com\/index.php\/wp-json\/wp\/v2\/pages"}],"about":[{"href":"https:\/\/alrashedin.com\/index.php\/wp-json\/wp\/v2\/types\/page"}],"author":[{"embeddable":true,"href":"https:\/\/alrashedin.com\/index.php\/wp-json\/wp\/v2\/users\/1"}],"replies":[{"embeddable":true,"href":"https:\/\/alrashedin.com\/index.php\/wp-json\/wp\/v2\/comments?post=197"}],"version-history":[{"count":3,"href":"https:\/\/alrashedin.com\/index.php\/wp-json\/wp\/v2\/pages\/197\/revisions"}],"predecessor-version":[{"id":122973,"href":"https:\/\/alrashedin.com\/index.php\/wp-json\/wp\/v2\/pages\/197\/revisions\/122973"}],"wp:attachment":[{"href":"https:\/\/alrashedin.com\/index.php\/wp-json\/wp\/v2\/media?parent=197"}],"curies":[{"name":"wp","href":"https:\/\/api.w.org\/{rel}","templated":true}]}}